42. What is the tens digit of t?
2
Suppose d + 103*q = 100*q + 61664, 5*q = 4*d - 246809. What is the ten thousands digit of d?
6
Let j = 11475 + -9849. What is the thousands digit of j?
1
Suppose -3608 - 1369 = -9*h. Let o = 57 + h. What is the tens digit of o?
1
Let r(g) = g**2 + 14*g - 30. Let q be r(-16). Suppose -2*b + q*z = -7 - 87, 4*b - 184 = 5*z. Suppose -7*n + b = -6*n. What is the tens digit of n?
5
Suppose -459863 = -116*t + 60397. What is the tens digit of t?
8
Suppose 13*c + 94 = 16. What is the hundreds digit of ((-42)/c - 10) + 312?
3
Suppose 7*p = 9*p + 60. Let l be (193/2)/(p/12 + 3). Suppose l = 3*b - n, b - 4*n = n + 55. What is the tens digit of b?
6
Suppose 12*h = 5*c + 16*h - 2290, 0 = -2*c - 4*h + 928. Suppose -2*b - 40 - 58 = -p, 5*p + 2*b - c = 0. What is the units digit of p?
2
Let p(u) = 9085*u - 102. What is the hundreds digit of p(2)?
0
Suppose 0 = -7*p + 17*p - 40. Suppose 8*d - 4008 = -p*d. What is the tens digit of d?
3
Let i be 32/2 + (-6)/1. What is the tens digit of ((-144)/i)/((-15)/(-5200)*-4)?
4
Let k(q) = 467*q + 10581. What is the ten thousands digit of k(0)?
1
Suppose -2*w + 7208 - 320 = t, -20616 = -3*t + 2*w. What is the units digit of t?
6
Let x(m) = 20*m**2 - 59*m + 19. What is the tens digit of x(15)?
3
Let h(i) = -340*i + 18. Let n be ((-93)/(-62))/(14/(-8) - -1). What is the tens digit of h(n)?
9
Let d = -314 - -317. Suppose 2633 = 5*t - g - 0*g, 0 = -d*g - 9. What is the hundreds digit of t?
5
Let y = 154 + -59. Let v = y + -89. Suppose w + 7 - v = 0, -m = -5*w - 54. What is the units digit of m?
9
Let x(k) = 8*k - 107. Let j be x(14). Suppose 0 = -3*m - 4*g + 2402, j*m + 972 - 4947 = -g. What is the tens digit of m?
9
Let r(v) = v**3 - 6*v**2 + 3*v - 11. Let u be r(6). Let q be (u/2 + -2)*-46. Let o = q - -139. What is the units digit of o?
0
Suppose -4*z - 12 = -0*z. Let u be ((-111)/(9/z))/(-5 + 4). Let m = 136 + u. What is the units digit of m?
9
Suppose -7*g + 6 = -8. Suppose -g*q - 7149 = -739. What is the hundreds digit of 2/(-10) - q/25?
1
Let l = 51 - 48. Suppose 367 + 458 = -l*q. Let g = -173 - q. What is the tens digit of g?
0
Suppose -3*p = -2*m - 6586, -57*m + 4 = -53*m. What is the thousands digit of p?
2
Suppose 4*q + 4*g - 8465 = -25, -4*q + 8431 = -5*g. What is the hundreds digit of q?
1
Suppose 5*m + 4*f = 248460, 3*m - 108*f - 149113 = -103*f. What is the hundreds digit of m?
6
Suppose 5*d - 2*f = 110423, 3*d - 4*f - 66231 = f. What is the thousands digit of d?
2
Let i(u) = -u**2 + 15*u - 24. Suppose 0 = -5*b + 53 + 12. Let o be i(b). Suppose 0 = -o*q + q + 34. What is the units digit of q?
4
Let o(j) = j**2 - 2*j + 64. Let p be (1 + (-17)/(-3))*(-12)/(-4). Suppose d - 8 = -2*q, d + 5*q = -0*d + p. What is the tens digit of o(d)?
6
What is the hundreds digit of 2/(-5) - 6979488/(-870)?
0
Let l(w) = 7*w**2 - 484*w - 320. What is the hundreds digit of l(91)?
6
Let v(b) = 10*b - 67. Suppose 0 = 4*y - 16, i = -4*y - 0*y + 55. What is the units digit of v(i)?
3
Let o(a) = 31*a**2 - 5*a - 3. Let m = -120 - -123. What is the units digit of o(m)?
1
Let r = -51 + 42. Let g = r + 8. What is the units digit of g*(-65)/(-10)*-14?
1
What is the hundreds digit of 4/10 + (-113244)/(-15) - 259/37?
5
Let y = 289 - 283. Suppose -y*d + 924 = 4*w - 2*d, 0 = d. What is the units digit of w?
1
Let q(u) = -u**2 + 31*u + 19. Suppose 4*r + 77 = 2*n - n, 3*r = 5*n - 62. Let m = r + 41. What is the hundreds digit of q(m)?
2
Let r(j) = j + 12. Let n be r(-7). Suppose 187 - 647 = n*c. Let f = -16 - c. What is the tens digit of f?
7
Suppose -3*q - 2*j + 172380 = -1209, 0 = 4*q - 5*j - 231498. What is the ten thousands digit of q?
5
Suppose -5*y - 3*o + 17817 = 0, -4*y + 42*o - 38*o = -14228. What is the units digit of y?
1
Suppose 29*s + 2 = -d + 26*s, s = 3*d - 14. Let m(t) = 11*t**3 - 11*t**2 + 17. What is the tens digit of m(d)?
4
Let s = -179 - -278. Suppose -4 = -4*f, 3*h + 3*f - s = h. What is the tens digit of (-2*30/16)/(h/(-1536))?
2
Let g(s) = 16173*s**3 - 4*s**2 - 7*s + 3. What is the thousands digit of g(1)?
6
Suppose -3*j + 3 = -2*q - 6*j, -3 = -4*q + 3*j. Suppose 2478 = 5*r + 3*h, q*r - h - 2474 = -5*r. What is the tens digit of r?
9
Let h(o) = -76*o - 95. Let s(l) = -l**2 - 10*l - 13. Let f be s(-10). What is the tens digit of h(f)?
9
Let r(q) = q**2 + 1. Let m(l) = -12*l**2 - 4. Let x(z) = -2*m(z) + 2*r(z). What is the tens digit of x(5)?
6
Let m(w) = w - 3. Let c be m(4). Let a be -10 - (-3 + (0 - c)). What is the units digit of (-194)/a + 19/(-57)?
2
Let t(y) = -y**3 + 78*y**2 - 70*y - 159. What is the hundreds digit of t(74)?
5
Let i(y) = 6*y**2 - 2*y - 3. Suppose -5*h - 33 - 36 = 4*j, -3*h = -3*j - 18. What is the hundreds digit of i(j)?
7
Let w be (832/78)/((8/18)/2). Let y be 2931*4/w - 2/8. Let p = y - 71. What is the tens digit of p?
7
Let r(h) = 21*h - 122. Let l be r(11). Let y = l + -3. What is the units digit of y?
6
Let z(r) = 5*r**2 - r - 5. Let f be z(6). Let g = f - 47. Let q = g - 66. What is the units digit of q?
6
Suppose 2*u - 12 = -3*i, -5*i + 2 = 2*u - 18. Suppose x = 3*y + 41, 2*y = -i*x + 3*x - 29. Let j(l) = l**2 + 11*l - 16. What is the tens digit of j(y)?
2
Suppose 3*o + 3 = -4*n - 5, 2 = -n + 3*o. Let a(j) = 6*j**2 - j - 1. Let y(c) = 43*c**2 + 4*c + 9. Let p(s) = -2*a(s) + y(s). What is the units digit of p(n)?
3
Let k = -1923 + 20879. What is the ten thousands digit of k?
1
Suppose -165 = -4*c - 0*c + 3*w, -171 = -4*c + 5*w. What is the units digit of c/(-13)*(-915)/9?
5
Let h(k) = k - 5. Let r be h(9). Suppose r*p + 2*n - 2 = -0*n, -2*n - 25 = -5*p. Suppose -5*c = -t - p*t + 11, 4*c = 3*t - 8. What is the units digit of c?
1
Suppose 0 = -17*d + 11*d + 3318. Let r = -225 + d. What is the hundreds digit of r?
3
Let u = 36270 + -25613. What is the hundreds digit of u?
6
Let u = -169 + 179. Let k(c) = -c**3 + 13*c**2 + 5*c + 28. What is the tens digit of k(u)?
7
Suppose -18*v + 295510 = -209822. What is the ten thousands digit of v?
2
Let h(d) = 76*d - 114. Suppose -2 = -m + 3*s + 2, -4*s = -5*m + 31. What is the tens digit of h(m)?
1
Suppose 0 = 4*t + 5*g - 915, -2*g = -3*t + 6*t - 695. Let f be (-15)/9 - (-165)/45. Suppose f*j - t = -59. What is the units digit of j?
8
What is the hundreds digit of 42888 + (7 - ((-64)/24 + 3)*24)?
8
Suppose -3 = -q, 0 = -s - 3*q + 19 - 7. Let g(a) = 94*a - 12. What is the units digit of g(s)?
0
Suppose 33 + 47 = 16*w. Suppose -w*u + 2*u = -4*g - 289, 0 = 4*u - g - 381. What is the units digit of u?
5
Suppose 5*m - 318*i - 64520 = -319*i, -2*m - i + 25808 = 0. What is the hundreds digit of m?
9
Let u = 127 - -55. Let v be -4 + 60/16 - u/8. Let y = 205 - v. What is the units digit of y?
8
Let p = 6041 + 3248. What is the thousands digit of p?
9
Suppose 0 = 47*y - 2444343 - 595006. What is the thousands digit of y?
4
Suppose -12736*j = -12723*j - 172523. What is the units digit of j?
1
Suppose 27*q + 3*v + 40869 = 29*q, 5*q + 2*v - 102163 = 0. What is the units digit of q?
3
Let i be -24*6*6/108. Let n(c) = -2*c**3 - 9*c**2 - 11*c + 2. What is the hundreds digit of n(i)?
5
Suppose -71*w + 165174 - 25332 + 313351 = 0. What is the hundreds digit of w?
3
Let i(m) = 10*m**3 - 7*m**2 - 14*m + 12. What is the hundreds digit of i(9)?
6
Let g(c) be the third derivative of -289*c**6/120 - c**5/30 + c**4/24 + c**3/3 + 11*c**2 + 3*c. What is the units digit of g(-1)?
8
Let o(y) = 85*y**2 + 9*y + 238. What is the hundreds digit of o(-10)?
6
Suppose -32 = w - o, -47 = w + 5*o - 15. Let y = 40 + w. What is the units digit of 388/y + 25/(-10)?
6
Let k(u) = -129*u**3 - 10*u**2 - 8*u - 12. Let z(b) = -258*b**3 - 18*b**2 - 15*b - 22. Let v(g) = -5*k(g) + 3*z(g). What is the hundreds digit of v(-2)?
0
Let f be (-1064)/(-24) - (-3)/(-9). Suppose f*w + 644 = 46*w. What is the units digit of w?
2
Let x be 11 + -13 + (-7 + 1)*8. Let w = x - -52. Suppose -4*z - 25 = -u, w*z - 48 + 162 = 4*u. What is the units digit of u?
9
Let h = 7911 + -5775. What is the units digit of h?
6
Let j(u) = u**3 - u**2 + 4*u + 6627. What is the tens digit of j(0)?
2
Let f = -11936 - -52462. What is the thousands digit of f?
0
Suppose -2*h = -2 - 6. Let b(s) = s - 2. Let l(r) = 4*r - 18. Let m(c) = 10*b(c) - l(c). What is the tens digit of m(h)?
2
Let q(x) = -3*x + 3. Le